e number?
False
Suppose 0 = -5*k - 3*f + 37, -k - 4*f + 17 = -f. Suppose -k*b + 1525 = 420. Is b prime?
False
Suppose -2*p - 4*q + 43122 = 0, -5*p + 4*q + 107775 = -q. Is p prime?
True
Let s(m) be the third derivative of -3*m**6/20 - m**5/60 - m**4/6 - m**3/6 + 10*m**2. Is s(-4) a composite number?
False
Suppose -444 = -2*l + 4*q, -q + 20 = -6*q. Is l a composite number?
True
Suppose -31*d = -d - 535890. Is d prime?
True
Let w(p) = 3 - 5*p + 0*p - 9. Is w(-4) composite?
True
Suppose -46832 = 25*y - 41*y. Is y prime?
True
Suppose 5*r + 5*t + 25950 = 177725, 0 = -3*t - 12. Is r a composite number?
True
Suppose 3*m - 3*c + 39 = 0, -25 = 4*m - m + 4*c. Let p = 208 - 142. Let l = m + p. Is l prime?
False
Let v = -1007 - -1524. Is v a composite number?
True
Let b(i) = -96*i - 5. Let v(j) = -95*j - 5. Let q(u) = 4*b(u) - 5*v(u). Is q(8) prime?
True
Let f be ((-21)/7)/(-1*1). Suppose f*g - 5 = 1. Suppose -35 = a - g*a. Is a a prime number?
False
Suppose 0 = 3*h + 6*h + 45. Is 58*-141*h/30 composite?
True
Let i(g) = g**2 + 10*g - 78. Let j be i(-33). Suppose -5*a = -13 - 12. Is a/((-2040)/j + 3) a composite number?
True
Let a(p) = -p**2 - 15*p - 30. Let x be a(-12). Suppose -10 = -2*r - 0. Is 53/r - x/10 prime?
False
Let v(g) = -g**3 - g**2 + g + 725. Let h be v(0). Suppose -2*n = -h + 1905. Let f = -219 - n. Is f prime?
False
Let z(a) = 69*a - 2 - 1 + 27*a + 8*a. Is z(2) composite?
True
Let r = 5033 + -7805. Let s = -1885 - r. Is s prime?
True
Let g = 16 - 23. Let z = g + 7. Suppose 3*l - k - 674 = z, 0 = 4*l - 5*k - 154 - 763. Is l a prime number?
True
Suppose -84 - 50 = -4*p + 2*s, -4*s + 47 = p. Suppose -11 + p = -3*c. Let i(w) = -21*w - 23. Is i(c) composite?
True
Let s = 12279 - 6568. Is s composite?
False
Let p(b) be the first derivative of 43*b**3 + 5*b**2/2 + 11*b - 3. Is p(4) a composite number?
True
Suppose z + 24307 = 6*z - h, -h = -3*z + 14585. Is z a composite number?
False
Suppose 2*l = 26717 - 8247. Is l composite?
True
Let v = 2 + 0. Let z(g) = 2 + 9*g**v - 3 + 8. Is z(-8) prime?
False
Suppose p + 275 = -2*y, 5*p - 5*y + 3*y = -1375. Let x = 120 - 608. Let z = p - x. Is z prime?
False
Suppose 4*w + 5*s - 58223 = 0, w - 58263 = -3*w + 3*s. Is w/42 - 4/(-14) composite?
False
Suppose 0 = -w + 3*w - 6. Suppose w*p + 0*p = 6. Is 4 + -4 - (p - 85) composite?
False
Suppose 5*r - 50 = 5*o, -4*o + 3*r = -2*o + 25. Is 2/o + 1034/10 a composite number?
False
Suppose 2*c - i - i = 0, 4*c + 4*i - 32 = 0. Suppose -5*y + 636 = 2*x, c*x + 0*y = -2*y + 1288. Is x composite?
True
Let n be (-6)/39 + (-4)/(-26). Suppose 2*z + 0*z + 2852 = n. Is 27/36 + z/(-8) prime?
True
Let c = 13 + -7. Let t(y) be the second derivative of y**4/12 - y**3/2 + y**2/2 + 6*y. Is t(c) a composite number?
False
Let d(h) = 3*h**2 - 3*h + 2. Let x be d(2). Is ((-46770)/(-24))/5 - 6/x a composite number?
False
Suppose 0 = 3*u + 3*h + 804, 12 = h - 4*h. Is -3 + (-2 - u/1) prime?
False
Let m(a) = 61*a + 59. Let p(z) = -12*z - 12. Let g(u) = 2*m(u) + 11*p(u). Suppose 4*y = 5*h - 44, -h = -4*y + 2*h - 36. Is g(y) a prime number?
False
Let y(q) = -14*q**2 - 8*q + 14. Let u be y(2). Let v = u + 77. Is v composite?
False
Let x be (4/(-8))/((-1)/10). Suppose -5*d - x + 100 = 0. Is d a prime number?
True
Let y be -3 + (-4 - -6) + -5. Is (2524/(-20))/(y/30) composite?
False
Let z be -8 + 5/10*-2. Is (1187 + 2)/((-9)/z) a prime number?
False
Let r be -56 + 0/((-9)/(-3)). Let u be (-2)/(-14) + 8/r. Let a(v) = -v**3 + 499. Is a(u) a prime number?
True
Suppose 5*l = -15, 2*l + 12446 + 7172 = 4*b. Is b composite?
False
Let n(w) = -2*w**2 - 13*w + 4. Let u be n(-6). Suppose -y = -6*y - u. Is y/(-5) - (-1053)/5 prime?
True
Let t(c) = 68*c**2 + 3*c - 5 - c - 66*c**2. Let z = -5 - -2. Is t(z) a composite number?
False
Suppose 3*j = 5*r - 7838, 4699 = 3*r - 4*j + 6*j. Is r composite?
False
Let o(s) = s**3 + 4*s**2 - 5*s + 1. Let v be 4/1 + (-12)/(-6). Is o(v) a composite number?
False
Let d(a) = -a**2 + 2*a + 10. Let x be d(0). Suppose 1757 = -3*h + x*h. Is h a composite number?
False
Let l(m) = -m**3 + 2*m**2 - 9*m + 6635. Is l(0) prime?
False
Let f(g) = -3 + 6 - 3*g - 4 - 1 - g**3. Let a be f(-1). Suppose a*y - 8 = 62. Is y prime?
False
Suppose -57584 - 40732 = -3*z - v, -32788 = -z + 5*v. Is z a composite number?
True
Suppose -3*v + 6*v = 8499. Is v composite?
False
Suppose 0*n - 3*n + 75 = 0. Let k be n*14*2/4. Suppose 0*t + k = 5*t + 3*w, 5*w - 140 = -4*t. Is t prime?
False
Suppose 2*c + 2*h - 4802 = 0, -4*c - 2*h + 9625 = -5*h. Suppose 5*o = s + 3961, 5*s - c = -5*o + 1581. Is o a prime number?
False
Let b(p) = -2661*p + 157. Is b(-2) prime?
True
Suppose 0 = 3*x + 3*x - 11448. Let b = 3847 - x. Is b composite?
True
Is (1 + (-1)/2)*2824/4 a prime number?
True
Let l be (210/(-4))/(12/(-16)). Suppose 0 = -4*y - y - l. Is 4/y - (-1533)/49 a composite number?
False
Suppose 0 = -2*f + 5*f. Let o be 1071 - (f/2 + 3). Suppose 13*k - o = 9*k. Is k a prime number?
False
Is (201/(-268))/(2/(-9208)) composite?
True
Let n(q) = -10*q**3 - 7*q**2 + 12*q + 2. Let k be n(-6). Let h = -883 + k. Is h composite?
True
Let a(p) = -329*p**3 - 2*p**2 + p + 5. Let z be ((-1)/2 - 1)/(21/28). Is a(z) prime?
False
Suppose 0 = -5*h + 33 - 8. Let p(v) = 37*v - 4 + 3 + 3. Is p(h) a prime number?
False
Let w be (-44)/(-6) - (-6)/9. Suppose 2705 = 3*n - 4*a - 0*a, 0 = 2*a - w. Is n a prime number?
True
Suppose 0 = -4*a - a. Let i = -1172 + 1872. Suppose a*s - 5*s = 4*v - 965, -3*v + i = -s. Is v a composite number?
True
Suppose 10*m - 55 = -m. Suppose -20 = -4*r, 5000 = m*w - 5*r - 26030. Is w a prime number?
True
Let f(r) = 194*r**3 - r**2 + r. Let b(w) = 195*w**3 - w**2 + w. Let x(u) = 3*b(u) - 2*f(u). Let j be x(1). Let t = j - 112. Is t composite?
True
Let n = 4218 - 2741. Is n prime?
False
Suppose -2*w + 3*l + 510 = 0, -w + 310 = 5*l + 29. Let h = 440 - w. Let o = h + 86. Is o prime?
False
Let i be ((-96)/20)/(-4)*-145. Let g = 385 + i. Is g a composite number?
False
Suppose -68319 = -u - 8*u. Is u a prime number?
True
Let a(h) = 68*h + 20. Let t be a(11). Let w(q) = 3*q - 5. Let p be w(3). Suppose -o = -p*j + 2065, t = 3*j + o - 786. Is j a prime number?
False
Let u(i) = -i**2 - 1 + 2 + 4 - 10*i. Let q = 256 - 265. Is u(q) a composite number?
True
Let x(v) = v + 4 - 5*v - 3*v. Let q be (-1*12/8)/(2/4). Is x(q) prime?
False
Suppose -4*a + 18 = 6. Suppose -5*q - k + 505 = 0, -131 - 172 = -a*q - 3*k. Is 14 + q - (3 - -1) composite?
True
Let f(x) = -x**3 - 8*x**2 + 9*x - 41. Is f(-11) composite?
False
Suppose w = 4*w + 9, -5*a - 4*w = -443. Suppose 2*d - a = 763. Is d composite?
True
Suppose 4*p = -3*k - 111, -p - 141 = 4*k + 2*p. Let j be -2 + (-3 - k - -1). Suppose -5*x = -3*z + j, 3*z - 4*z + x + 11 = 0. Is z prime?
True
Suppose -41*l = -856611 + 50264. Is l a composite number?
True
Let n(b) = -1369*b - 57. Is n(-6) composite?
True
Let q = -9440 - -28153. Is q composite?
False
Let l(t) = 1032*t**2 + 4*t + 11. Is l(3) composite?
False
Is 4/(8/(-16634))*(2 + -4) a composite number?
True
Suppose 2*h + 21 = 8*z - 3*z, 4*h + 2 = 2*z. Suppose -811 = -h*t - 141. Is t a prime number?
False
Suppose -4*p = -5*s + 10943 + 20192, -s - 2*p = -6227. Is s composite?
True
Suppose 3*n + 5 = -r - 4, 7 = -n + r. Is n/(-16) + (-2022)/(-8) a composite number?
True
Let h = 284 - 279. Suppose 0*c - f = -c - 50, -188 = 4*c + 2*f. Let j = h - c. Is j a composite number?
False
Suppose 360 = 2*t + 2*a + 80, 3*a = 2*t - 255. Let p = 49 - t. Let r = 241 + p. Is r a prime number?
False
Let v(k) = 578*k + 11. Is v(12) prime?
True
Let m be 458*2/4*1. Let l = m + 379. Suppose 156 = -4*q + l. Is q a composite number?
False
Let n(w) = -56*w - 11. Suppose 3*z = -z + 3*u - 39, -3*z = -4*u + 38. Let g be n(z). Let q = g + -32. Is q composite?
False
Suppose 0 = 2*w - 3*g + 4, 0 = 5*w - 4*g - 7 + 3. Suppose -l - 989 = -7*i + 4*i, 0 = -2*i - w*l + 650. Is i/((12/(-3))/(-4)) prime?
False
Is -4 + 83881 + (3 - 7) + -4 composite?
False
Suppose -2445 = -6*r + 9933. Is r composite?
False
Is ((-40)/24 - -1)*8994/(-4) a composite number?
False
Suppose 5*t - 8548 = -3*y, 3*t + 370 = 3*y + 5494. Is t prime?
True
Suppose -61*o + 36063 = -52*o. Is o a composite number?
False
Let f(h) = 6*h**3 - 13*h**2 + 10*h + 9. Let o be f(10). Suppose -l + o = -5*w, -7*w - 4825 = -